{"id":1002,"date":"2021-12-29T02:30:49","date_gmt":"2021-12-29T01:30:49","guid":{"rendered":"https:\/\/afriqueconseil.com\/acinfo\/?page_id=1002"},"modified":"2022-06-05T21:30:44","modified_gmt":"2022-06-05T20:30:44","slug":"nos-references","status":"publish","type":"page","link":"https:\/\/afriqueconseil.com\/acinfo\/nos-references\/","title":{"rendered":"Nos r\u00e9f\u00e9rences"},"content":{"rendered":"\n<h1 class=\"wp-block-heading\"><strong><a>NOS R\u00c9F\u00c9RENCES<\/a><\/strong><\/h1>\n\n\n\n<blockquote class=\"wp-block-quote is-layout-flow wp-block-quote-is-layout-flow\"><p><strong>\u00ab\u00a0Si vous faites un plan pour cinq ans, plantez des arbres, mais si vous faites un plan pour cent ans, formez des hommes\u00a0\u00bb<\/strong><\/p><cite><strong>Proverbe chinois<\/strong><\/cite><\/blockquote>\n\n\n\n<hr class=\"wp-block-separator has-alpha-channel-opacity\"\/>\n\n\n\n<p><a href=\"https:\/\/afriqueconseil.com\/acinfo\/wp-content\/uploads\/2022\/06\/Afriqueconseil.com-Nos-References-Detaillees.pdf\" target=\"_blank\" rel=\"noreferrer noopener\">Parcourir la liste d\u00e9taill\u00e9es de nos r\u00e9f\u00e9rences<\/a><\/p>\n\n\n\n<hr class=\"wp-block-separator has-alpha-channel-opacity\"\/>\n\n\n\n<p><strong>Notre exp\u00e9rience et nos relations sont des atouts pr\u00e9cieux dans la recherche et la s\u00e9lection des cadres de haut niveau que recherchent nos clients pour occuper des postes strat\u00e9giques. Afrique Conseil est fier d\u2019avoir ex\u00e9cut\u00e9 de nombreuses missions de recrutement.<\/strong><\/p>\n\n\n\n<p><strong>Afrique Conseil<\/strong>\u00a0a form\u00e9 plusieurs milliers de cadres et d\u2019agents des entreprises et administrations, organisations internationales, organisations non gouvernementales dans de nombreux pays africains. Ces formations ont touch\u00e9 tous les niveaux allant du Pr\u00e9sident de la R\u00e9publique au conducteur de v\u00e9hicule en passant par les Directeurs G\u00e9n\u00e9raux et les Directeurs techniques.<br>Afrique Conseil est fier de citer en dehors des s\u00e9minaires gouvernementaux\u00a0:<\/p>\n\n\n\n<ul class=\"wp-block-list\"><li>-Ses s\u00e9minaires pour les Directeurs de Cabinet et les secr\u00e9taires G\u00e9n\u00e9raux des Minist\u00e8res africains charg\u00e9s du travail pour le compte du BIT (Bureau International du Travail).<\/li><li>-Ses s\u00e9minaires pour les Directeurs et cadres sup\u00e9rieurs du si\u00e8ge et des Directions Nationales de la Banque Centrale des Etats de l\u2019Afrique de l\u2019Ouest (<strong>BCEAO<\/strong>).<\/li><li>-Ses s\u00e9minaires pour les hauts fonctionnaires de l\u2019Administration publique b\u00e9ninoise.<\/li><li>-Ses s\u00e9minaires \u00ab\u00a0Contribution du Conseil d\u2019Administration \u00e0 la performance de l\u2019entreprise\u00a0\u00bb<\/li><li>-Ses s\u00e9minaires \u00ab\u00a0Directeur G\u00e9n\u00e9ral\u00a0: mode d\u2019emploi\u00a0\u00bb.<\/li><li>-Ses s\u00e9minaires \u00ab\u00a0Directeur des Ressources Humaines\u00a0: mode d\u2019emploi\u00a0\u00bb<\/li><li>-Ses s\u00e9minaires \u00ab\u00a0Formation des formateurs\u00a0\u00bb<\/li><li>-Ses s\u00e9minaires \u00ab\u00a0Gestion des Projets\u00a0\u00bb.<\/li><li>-Ses s\u00e9minaires \u00ab\u00a0Accueil et qualit\u00e9 de service\u00a0\u00bb.<\/li><\/ul>\n\n\n\n<figure class=\"wp-block-table\"><table><tbody><tr><td><strong>Groupe Bollor\u00e9 Africa Logistics<\/strong><\/td><\/tr><tr><td><strong>B\u00e9nin 2018<\/strong><br>\u00ab&nbsp;Gestion des Emplois et des Comp\u00e9tences&nbsp;\u00bb<\/td><\/tr><\/tbody><\/table><\/figure>\n\n\n\n<figure class=\"wp-block-table\"><table><tbody><tr><td><strong>Soci\u00e9t\u00e9 MAYARICK, Association des Caisses et de Financement \u00e0 la Base(ACFB)<\/strong><\/td><\/tr><tr><td><strong>B\u00e9nin 2018<\/strong><br>\u00ab&nbsp;Classement, l\u2019Archivage et Gestion Documentaire&nbsp;\u00bb<\/td><\/tr><\/tbody><\/table><\/figure>\n\n\n\n<figure class=\"wp-block-table\"><table><tbody><tr><td><strong>Union B\u00e9ninoise des Pharmaciens (UBPHAR S.A)<\/strong><\/td><\/tr><tr><td><strong>B\u00e9nin 2018<\/strong><br>\u00ab&nbsp;Transit&nbsp;: Principes de base et Approfondissement des Connaissances&nbsp;\u00bb<\/td><\/tr><\/tbody><\/table><\/figure>\n\n\n\n<figure class=\"wp-block-table\"><table><tbody><tr><td><strong>Soci\u00e9t\u00e9 le Vrai Bonheur<\/strong><\/td><\/tr><tr><td><strong>B\u00e9nin 2018<\/strong><br>\u00ab&nbsp;FONCTION DG&nbsp;: MODE D\u2019EMPLOI&nbsp;\u00bb<\/td><\/tr><\/tbody><\/table><\/figure>\n\n\n\n<figure class=\"wp-block-table\"><table><tbody><tr><td><strong>Minist\u00e8re des Enseignements Maternel et Primaire (MEMP)\/UATS<\/strong><\/td><\/tr><tr><td><strong>B\u00e9nin 2018<\/strong><br>LEADERSHIP ET MANAGEMENT D\u2019EQUIPES PERFORMANTES<\/td><\/tr><\/tbody><\/table><\/figure>\n\n\n\n<figure class=\"wp-block-table\"><table><tbody><tr><td><strong>Soci\u00e9t\u00e9 le Vrai Bonheur, SOGEA-SATOM, SERHAU SA, VIVRE CHEZ -VOUS<\/strong><\/td><\/tr><tr><td><strong>B\u00e9nin 2018<\/strong><br>MANAGEMENT ET LEADERSHIP POUR SECRETAIRE ET ASSISTANT(E) DE DIRECTION<\/td><\/tr><\/tbody><\/table><\/figure>\n\n\n\n<figure class=\"wp-block-table\"><table><tbody><tr><td><strong>EDUCO BENIN, Eau Technologie Environnement (ETE)<\/strong><\/td><\/tr><tr><td><strong>B\u00e9nin 2017<\/strong><br>LA GESTION DE LA TRESORERIE ET DE LA LOGISTIQUE<\/td><\/tr><\/tbody><\/table><\/figure>\n\n\n\n<figure class=\"wp-block-table\"><table><tbody><tr><td><strong>Minist\u00e8re des Enseignements Secondaire, Technique et de la Formation Professionnelle (MESTFP)<\/strong><\/td><\/tr><tr><td><strong>B\u00e9nin 2017<\/strong><br>LEADERSHIP ET MANAGEMENT D\u2019EQUIPES PERFORMANTES<\/td><\/tr><\/tbody><\/table><\/figure>\n\n\n\n<figure class=\"wp-block-table\"><table><tbody><tr><td><strong>UNION BENINOISE DES PHARMACIENS (UBPHAR)<\/strong><\/td><\/tr><tr><td><strong>B\u00e9nin 2017<\/strong><br>LA GESTION DES APPROVISIONNEMENTS ET DES STOCKSLA GESTION DES APPROVISIONNEMENTS ET DES STOCKS DES PRODUITS PHARMACEUTIQUES<\/td><\/tr><\/tbody><\/table><\/figure>\n\n\n\n<figure class=\"wp-block-table\"><table><tbody><tr><td><strong>CACOGEC, AGPAOC<\/strong><\/td><\/tr><tr><td><strong>B\u00e9nin2017<\/strong><br>MANAGEMENT ET LEADERSHIP POUR SECRETAIRE ET ASSISTANT(E) DE DIRECTION<\/td><\/tr><\/tbody><\/table><\/figure>\n\n\n\n<figure class=\"wp-block-table\"><table><tbody><tr><td><strong>J\u00e9hovah Nissi P\u00e9troleum (JNP), CBAO, GET MEDICAL, SERHAU SA, Agros Business Center (ABC)<\/strong><\/td><\/tr><tr><td><strong>B\u00e9nin 2017<\/strong><br>MANAGEMENT ET LEADERSHIP POUR SECRETAIRE ET ASSISTANT(E) DE DIRECTION<\/td><\/tr><\/tbody><\/table><\/figure>\n\n\n\n<figure class=\"wp-block-table\"><table><tbody><tr><td><strong>TOP-CHRONO<\/strong><\/td><\/tr><tr><td><strong>B\u00e9nin 2017<\/strong><br>FORMATION DES FORMATEURS&nbsp;: Initiation aux techniques d\u2019Andragogie&nbsp;\u00bb<\/td><\/tr><\/tbody><\/table><\/figure>\n\n\n\n<figure class=\"wp-block-table\"><table><tbody><tr><td>&nbsp;<strong>Minist\u00e8re des Enseignements Maternels et Primaires (MEMP)<\/strong><\/td><\/tr><tr><td><strong>B\u00e9nin 2017<\/strong><br>FORMATION DES FORMATEURS&nbsp;: renforcement des capacit\u00e9s en AndragogieGESTION AX\u00c9E SUR LES R\u00c9SULTATS DANS LES ADMINISTRATIONS PUBLIQUES<\/td><\/tr><\/tbody><\/table><\/figure>\n\n\n\n<figure class=\"wp-block-table\"><table><tbody><tr><td><strong>POSTE (PDSF-NIGER POSTE)<\/strong><\/td><\/tr><tr><td><strong><\/strong><br><strong>2006 &#8211; (juin-juillet)<\/strong>&nbsp;&#8211; Animation de deux ateliers de formation sur les th\u00e8mes&nbsp;:\u00ab&nbsp;Gestion par r\u00e9sultats&nbsp;\u00bb\u00ab&nbsp;Management strat\u00e9gique&nbsp;\u00bb pour le Projet de d\u00e9veloppement du secteur financier Niger.<\/td><\/tr><\/tbody><\/table><\/figure>\n\n\n\n<figure class=\"wp-block-table\"><table><tbody><tr><td>&nbsp;<strong>DIAMOND BANK<\/strong><\/td><\/tr><tr><td><strong><\/strong><br><strong>2006 (Mai) &#8211;<\/strong>&nbsp;\u00ab&nbsp;D\u00e9veloppement personnel et Communication&nbsp;\u00bb<br>\u00ab&nbsp;Management et Leadership&nbsp;\u00bb<\/td><\/tr><\/tbody><\/table><\/figure>\n\n\n\n<figure class=\"wp-block-table\"><table><tbody><tr><td><strong>FODEFCA<\/strong><\/td><\/tr><tr><td><strong><\/strong><br><strong>F\u00e9vrier 2007 &#8211;<\/strong>&nbsp;Communication sur le th\u00e8me&nbsp;: \u00ab&nbsp;Gestion ax\u00e9e sur les r\u00e9sultats et team-building&nbsp;\u00bb<\/td><\/tr><\/tbody><\/table><\/figure>\n\n\n\n<figure class=\"wp-block-table\"><table><tbody><tr><td><strong>CHAMBRE DE COMMERCE ET D\u2019INDUSTRIE DU BENIN<\/strong><\/td><\/tr><tr><td><strong><\/strong><br><strong>2006 (Novembre) &#8211;<\/strong>&nbsp;\u00ab&nbsp;Le Management pour Assistante de Direction&nbsp;\u00bb<\/td><\/tr><\/tbody><\/table><\/figure>\n\n\n\n<figure class=\"wp-block-table\"><table><tbody><tr><td><strong>ONG INTERNATIONALE S.OS VILLAGE D\u2019ENFANTS<\/strong><\/td><\/tr><tr><td><strong><\/strong><br><strong>2006 &#8211;<\/strong>&nbsp;(Juillet)\u00ab&nbsp;Formation en Management et leadership pour les Directeurs nationaux&nbsp;\u00bb<strong>2006 &#8211; (Novembre)<\/strong>&nbsp;\u00ab&nbsp;de la Secr\u00e9taire \u00e0 l\u2019Assistante&nbsp;\u00bb<\/td><\/tr><\/tbody><\/table><\/figure>\n\n\n\n<figure class=\"wp-block-table\"><table><tbody><tr><td><strong>CENTRE SONGHA\u00cf DE PORTO-NOVO<\/strong><\/td><\/tr><tr><td><strong><\/strong><br><strong>2005 \u2013<\/strong>&nbsp;Renforcement des capacit\u00e9s des membres des organes de suivi de la r\u00e9forme administrative<\/td><\/tr><\/tbody><\/table><\/figure>\n\n\n\n<figure class=\"wp-block-table\"><table><tbody><tr><td><strong>TOGO CELLULAIRE<\/strong><\/td><\/tr><tr><td><strong><\/strong><br><strong>Janvier 2000 &#8211;<\/strong>&nbsp;S\u00e9minaire de formation des cadres en strat\u00e9gie marketing, qualit\u00e9 de service et innovation<\/td><\/tr><\/tbody><\/table><\/figure>\n\n\n\n<figure class=\"wp-block-table\"><table><tbody><tr><td><strong>UNICEF (BP&nbsp;: 2289 TEL&nbsp;: 30.02.66)<\/strong><\/td><\/tr><tr><td><strong><\/strong><br><strong>1994, 1995 &#8211;<\/strong>&nbsp;S\u00e9minaire de formation pour les cadres.<\/td><\/tr><\/tbody><\/table><\/figure>\n\n\n\n<figure class=\"wp-block-table\"><table><tbody><tr><td><strong>PADME<\/strong><\/td><\/tr><tr><td><strong><\/strong><br><strong>2006 (Mai) &#8211;<\/strong>&nbsp;\u00ab&nbsp;Apprenez \u00e0 encadrer et \u00e0 diriger vos hommes&nbsp;\u00bb<\/td><\/tr><\/tbody><\/table><\/figure>\n\n\n\n<figure class=\"wp-block-table\"><table><tbody><tr><td><strong>TOGO TELECOMS<\/strong><\/td><\/tr><tr><td><strong><\/strong><br><strong>2006 (Avril) &#8211;<\/strong>&nbsp;\u00ab&nbsp;Atelier de renforcement des capacit\u00e9s en GRH&nbsp;\u00bb<\/td><\/tr><\/tbody><\/table><\/figure>\n\n\n\n<figure class=\"wp-block-table\"><table><tbody><tr><td><strong>SOCIETE AEROPORTUAIRE DE LOME-TOKOIN (S.A.L.T) BP 10112 Lom\u00e9 T\u00e9l. (228) 26 71 21 Fax (228) 26 88 95<\/strong><\/td><\/tr><tr><td><strong><\/strong><br><strong>Mai 2000 &#8211;<\/strong>&nbsp;S\u00e9minaire de formation sur le th\u00e8me&nbsp;: &#8221; Management de la qualit\u00e9 de service&#8221;<strong>Juin 2000 &#8211;<\/strong>&nbsp;S\u00e9minaire de formation sur le th\u00e8me &#8220;Culture d\u2019Entreprise&#8221;<\/td><\/tr><\/tbody><\/table><\/figure>\n\n\n\n<figure class=\"wp-block-table\"><table><tbody><tr><td><strong>PORT AUTONOME DE COTONOU (P.A.C) &#8211; BP&nbsp;: 927 COTONOU TEL&nbsp;: 21 .31.52.80<\/strong><\/td><\/tr><tr><td><strong><\/strong><br><strong>1993 &#8211;<\/strong>&nbsp;S\u00e9minaire de formation sur les Techniques de management<strong>1995 &#8211;<\/strong>&nbsp;S\u00e9minaire de formation sur l\u2019accueil de la client\u00e8le<strong>1995 &#8211;<\/strong>&nbsp;S\u00e9minaire de perfectionnement des Secr\u00e9taires de Direction<strong>2004 &#8211;<\/strong>&nbsp;D\u00e9veloppement personnel<\/td><\/tr><\/tbody><\/table><\/figure>\n\n\n\n<figure class=\"wp-block-table\"><table><tbody><tr><td><strong>AMBASSADE ROYALE DU DANEMARK<\/strong><\/td><\/tr><tr><td><strong><\/strong><br><strong>2005 \u2013<\/strong>&nbsp;Facilitation d\u2019un Atelier sur le th\u00e8me&nbsp;: \u00ab&nbsp;Team Building en milieu multiculturel&nbsp;\u00bb&nbsp;<strong>AFRICARE<\/strong><strong>2001 \u2013<\/strong>&nbsp;S\u00e9minaire atelier sur le th\u00e8me&nbsp;: &#8220;Rebondir&nbsp;: un projet professionnel ou entrepreunarial&#8221;<strong>2002 \u2013<\/strong>&nbsp;Facilitation d\u2019un Atelier de Team Building et Planification des activit\u00e9s<\/td><\/tr><\/tbody><\/table><\/figure>\n","protected":false},"excerpt":{"rendered":"<p>NOS R\u00c9F\u00c9RENCES \u00ab\u00a0Si vous faites un plan pour cinq ans, plantez des arbres, mais si vous faites un plan pour cent ans, formez des hommes\u00a0\u00bb Proverbe chinois Parcourir la liste d\u00e9taill\u00e9es de nos r\u00e9f\u00e9rences Notre exp\u00e9rience et nos relations sont des atouts pr\u00e9cieux dans la recherche et la s\u00e9lection des cadres de haut niveau que [&hellip;]<\/p>\n","protected":false},"author":2,"featured_media":0,"parent":0,"menu_order":0,"comment_status":"closed","ping_status":"closed","template":"","meta":{"nf_dc_page":"","footnotes":""},"class_list":["post-1002","page","type-page","status-publish","hentry"],"yoast_head":"<!-- This site is optimized with the Yoast SEO plugin v27.5 - https:\/\/yoast.com\/product\/yoast-seo-wordpress\/ -->\n<title>Nos r\u00e9f\u00e9rences - Afriqueconseil.com<\/title>\n<meta name=\"robots\" content=\"index, follow, max-snippet:-1, max-image-preview:large, max-video-preview:-1\" \/>\n<link rel=\"canonical\" href=\"https:\/\/afriqueconseil.com\/acinfo\/nos-references\/\" \/>\n<meta property=\"og:locale\" content=\"fr_FR\" \/>\n<meta property=\"og:type\" content=\"article\" \/>\n<meta property=\"og:title\" content=\"Nos r\u00e9f\u00e9rences - Afriqueconseil.com\" \/>\n<meta property=\"og:description\" content=\"NOS R\u00c9F\u00c9RENCES \u00ab\u00a0Si vous faites un plan pour cinq ans, plantez des arbres, mais si vous faites un plan pour cent ans, formez des hommes\u00a0\u00bb Proverbe chinois Parcourir la liste d\u00e9taill\u00e9es de nos r\u00e9f\u00e9rences Notre exp\u00e9rience et nos relations sont des atouts pr\u00e9cieux dans la recherche et la s\u00e9lection des cadres de haut niveau que [&hellip;]\" \/>\n<meta property=\"og:url\" content=\"https:\/\/afriqueconseil.com\/acinfo\/nos-references\/\" \/>\n<meta property=\"og:site_name\" content=\"Afriqueconseil.com\" \/>\n<meta property=\"article:publisher\" content=\"https:\/\/www.facebook.com\/SocieteAfriqueConseil\/\" \/>\n<meta property=\"article:modified_time\" content=\"2022-06-05T20:30:44+00:00\" \/>\n<meta name=\"twitter:card\" content=\"summary_large_image\" \/>\n<meta name=\"twitter:label1\" content=\"Dur\u00e9e de lecture estim\u00e9e\" \/>\n\t<meta name=\"twitter:data1\" content=\"4 minutes\" \/>\n<script type=\"application\/ld+json\" class=\"yoast-schema-graph\">{\"@context\":\"https:\\\/\\\/schema.org\",\"@graph\":[{\"@type\":\"WebPage\",\"@id\":\"https:\\\/\\\/afriqueconseil.com\\\/acinfo\\\/nos-references\\\/\",\"url\":\"https:\\\/\\\/afriqueconseil.com\\\/acinfo\\\/nos-references\\\/\",\"name\":\"Nos r\u00e9f\u00e9rences - Afriqueconseil.com\",\"isPartOf\":{\"@id\":\"https:\\\/\\\/afriqueconseil.com\\\/acinfo\\\/#website\"},\"datePublished\":\"2021-12-29T01:30:49+00:00\",\"dateModified\":\"2022-06-05T20:30:44+00:00\",\"breadcrumb\":{\"@id\":\"https:\\\/\\\/afriqueconseil.com\\\/acinfo\\\/nos-references\\\/#breadcrumb\"},\"inLanguage\":\"fr-FR\",\"potentialAction\":[{\"@type\":\"ReadAction\",\"target\":[\"https:\\\/\\\/afriqueconseil.com\\\/acinfo\\\/nos-references\\\/\"]}]},{\"@type\":\"BreadcrumbList\",\"@id\":\"https:\\\/\\\/afriqueconseil.com\\\/acinfo\\\/nos-references\\\/#breadcrumb\",\"itemListElement\":[{\"@type\":\"ListItem\",\"position\":1,\"name\":\"Accueil\",\"item\":\"https:\\\/\\\/afriqueconseil.com\\\/acinfo\\\/\"},{\"@type\":\"ListItem\",\"position\":2,\"name\":\"Nos r\u00e9f\u00e9rences\"}]},{\"@type\":\"WebSite\",\"@id\":\"https:\\\/\\\/afriqueconseil.com\\\/acinfo\\\/#website\",\"url\":\"https:\\\/\\\/afriqueconseil.com\\\/acinfo\\\/\",\"name\":\"Afriqueconseil.com\",\"description\":\"Soci\u00e9t\u00e9 de Recherches, d&#039;\u00c9tudes, de Conseil et de Formation en Marketing et en Management\",\"publisher\":{\"@id\":\"https:\\\/\\\/afriqueconseil.com\\\/acinfo\\\/#organization\"},\"potentialAction\":[{\"@type\":\"SearchAction\",\"target\":{\"@type\":\"EntryPoint\",\"urlTemplate\":\"https:\\\/\\\/afriqueconseil.com\\\/acinfo\\\/?s={search_term_string}\"},\"query-input\":{\"@type\":\"PropertyValueSpecification\",\"valueRequired\":true,\"valueName\":\"search_term_string\"}}],\"inLanguage\":\"fr-FR\"},{\"@type\":\"Organization\",\"@id\":\"https:\\\/\\\/afriqueconseil.com\\\/acinfo\\\/#organization\",\"name\":\"Afrique conseil\",\"url\":\"https:\\\/\\\/afriqueconseil.com\\\/acinfo\\\/\",\"logo\":{\"@type\":\"ImageObject\",\"inLanguage\":\"fr-FR\",\"@id\":\"https:\\\/\\\/afriqueconseil.com\\\/acinfo\\\/#\\\/schema\\\/logo\\\/image\\\/\",\"url\":\"https:\\\/\\\/i0.wp.com\\\/afriqueconseil.com\\\/acinfo\\\/wp-content\\\/uploads\\\/2023\\\/01\\\/cropped-LOGO-AFRIQUE-CONSEIL-TRANSPARENT.png?fit=2060%2C1212&ssl=1\",\"contentUrl\":\"https:\\\/\\\/i0.wp.com\\\/afriqueconseil.com\\\/acinfo\\\/wp-content\\\/uploads\\\/2023\\\/01\\\/cropped-LOGO-AFRIQUE-CONSEIL-TRANSPARENT.png?fit=2060%2C1212&ssl=1\",\"width\":2060,\"height\":1212,\"caption\":\"Afrique conseil\"},\"image\":{\"@id\":\"https:\\\/\\\/afriqueconseil.com\\\/acinfo\\\/#\\\/schema\\\/logo\\\/image\\\/\"},\"sameAs\":[\"https:\\\/\\\/www.facebook.com\\\/SocieteAfriqueConseil\\\/\",\"https:\\\/\\\/www.linkedin.com\\\/company\\\/afrique-conseil\\\/\"]}]}<\/script>\n<!-- \/ Yoast SEO plugin. -->","yoast_head_json":{"title":"Nos r\u00e9f\u00e9rences - Afriqueconseil.com","robots":{"index":"index","follow":"follow","max-snippet":"max-snippet:-1","max-image-preview":"max-image-preview:large","max-video-preview":"max-video-preview:-1"},"canonical":"https:\/\/afriqueconseil.com\/acinfo\/nos-references\/","og_locale":"fr_FR","og_type":"article","og_title":"Nos r\u00e9f\u00e9rences - Afriqueconseil.com","og_description":"NOS R\u00c9F\u00c9RENCES \u00ab\u00a0Si vous faites un plan pour cinq ans, plantez des arbres, mais si vous faites un plan pour cent ans, formez des hommes\u00a0\u00bb Proverbe chinois Parcourir la liste d\u00e9taill\u00e9es de nos r\u00e9f\u00e9rences Notre exp\u00e9rience et nos relations sont des atouts pr\u00e9cieux dans la recherche et la s\u00e9lection des cadres de haut niveau que [&hellip;]","og_url":"https:\/\/afriqueconseil.com\/acinfo\/nos-references\/","og_site_name":"Afriqueconseil.com","article_publisher":"https:\/\/www.facebook.com\/SocieteAfriqueConseil\/","article_modified_time":"2022-06-05T20:30:44+00:00","twitter_card":"summary_large_image","twitter_misc":{"Dur\u00e9e de lecture estim\u00e9e":"4 minutes"},"schema":{"@context":"https:\/\/schema.org","@graph":[{"@type":"WebPage","@id":"https:\/\/afriqueconseil.com\/acinfo\/nos-references\/","url":"https:\/\/afriqueconseil.com\/acinfo\/nos-references\/","name":"Nos r\u00e9f\u00e9rences - Afriqueconseil.com","isPartOf":{"@id":"https:\/\/afriqueconseil.com\/acinfo\/#website"},"datePublished":"2021-12-29T01:30:49+00:00","dateModified":"2022-06-05T20:30:44+00:00","breadcrumb":{"@id":"https:\/\/afriqueconseil.com\/acinfo\/nos-references\/#breadcrumb"},"inLanguage":"fr-FR","potentialAction":[{"@type":"ReadAction","target":["https:\/\/afriqueconseil.com\/acinfo\/nos-references\/"]}]},{"@type":"BreadcrumbList","@id":"https:\/\/afriqueconseil.com\/acinfo\/nos-references\/#breadcrumb","itemListElement":[{"@type":"ListItem","position":1,"name":"Accueil","item":"https:\/\/afriqueconseil.com\/acinfo\/"},{"@type":"ListItem","position":2,"name":"Nos r\u00e9f\u00e9rences"}]},{"@type":"WebSite","@id":"https:\/\/afriqueconseil.com\/acinfo\/#website","url":"https:\/\/afriqueconseil.com\/acinfo\/","name":"Afriqueconseil.com","description":"Soci\u00e9t\u00e9 de Recherches, d&#039;\u00c9tudes, de Conseil et de Formation en Marketing et en Management","publisher":{"@id":"https:\/\/afriqueconseil.com\/acinfo\/#organization"},"potentialAction":[{"@type":"SearchAction","target":{"@type":"EntryPoint","urlTemplate":"https:\/\/afriqueconseil.com\/acinfo\/?s={search_term_string}"},"query-input":{"@type":"PropertyValueSpecification","valueRequired":true,"valueName":"search_term_string"}}],"inLanguage":"fr-FR"},{"@type":"Organization","@id":"https:\/\/afriqueconseil.com\/acinfo\/#organization","name":"Afrique conseil","url":"https:\/\/afriqueconseil.com\/acinfo\/","logo":{"@type":"ImageObject","inLanguage":"fr-FR","@id":"https:\/\/afriqueconseil.com\/acinfo\/#\/schema\/logo\/image\/","url":"https:\/\/i0.wp.com\/afriqueconseil.com\/acinfo\/wp-content\/uploads\/2023\/01\/cropped-LOGO-AFRIQUE-CONSEIL-TRANSPARENT.png?fit=2060%2C1212&ssl=1","contentUrl":"https:\/\/i0.wp.com\/afriqueconseil.com\/acinfo\/wp-content\/uploads\/2023\/01\/cropped-LOGO-AFRIQUE-CONSEIL-TRANSPARENT.png?fit=2060%2C1212&ssl=1","width":2060,"height":1212,"caption":"Afrique conseil"},"image":{"@id":"https:\/\/afriqueconseil.com\/acinfo\/#\/schema\/logo\/image\/"},"sameAs":["https:\/\/www.facebook.com\/SocieteAfriqueConseil\/","https:\/\/www.linkedin.com\/company\/afrique-conseil\/"]}]}},"jetpack_sharing_enabled":true,"_links":{"self":[{"href":"https:\/\/afriqueconseil.com\/acinfo\/wp-json\/wp\/v2\/pages\/1002","targetHints":{"allow":["GET"]}}],"collection":[{"href":"https:\/\/afriqueconseil.com\/acinfo\/wp-json\/wp\/v2\/pages"}],"about":[{"href":"https:\/\/afriqueconseil.com\/acinfo\/wp-json\/wp\/v2\/types\/page"}],"author":[{"embeddable":true,"href":"https:\/\/afriqueconseil.com\/acinfo\/wp-json\/wp\/v2\/users\/2"}],"replies":[{"embeddable":true,"href":"https:\/\/afriqueconseil.com\/acinfo\/wp-json\/wp\/v2\/comments?post=1002"}],"version-history":[{"count":0,"href":"https:\/\/afriqueconseil.com\/acinfo\/wp-json\/wp\/v2\/pages\/1002\/revisions"}],"wp:attachment":[{"href":"https:\/\/afriqueconseil.com\/acinfo\/wp-json\/wp\/v2\/media?parent=1002"}],"curies":[{"name":"wp","href":"https:\/\/api.w.org\/{rel}","templated":true}]}}