{"id":1000,"date":"2021-12-29T02:23:41","date_gmt":"2021-12-29T01:23:41","guid":{"rendered":"https:\/\/afriqueconseil.com\/acinfo\/?page_id=1000"},"modified":"2022-06-05T20:51:57","modified_gmt":"2022-06-05T19:51:57","slug":"partenaires","status":"publish","type":"page","link":"https:\/\/afriqueconseil.com\/acinfo\/partenaires\/","title":{"rendered":"Nos Partenaires"},"content":{"rendered":"\n<hr class=\"wp-block-separator has-alpha-channel-opacity\"\/>\n\n\n\n<h1 class=\"wp-block-heading\">Nos Partenaires<\/h1>\n\n\n\n<hr class=\"wp-block-separator has-alpha-channel-opacity\"\/>\n\n\n\n<p class=\"has-medium-font-size\">Afrique Conseil est en partenariat avec des cabinets internationaux ci-apr\u00e8s :<\/p>\n\n\n\n<hr class=\"wp-block-separator has-alpha-channel-opacity\"\/>\n\n\n\n<h3 class=\"wp-block-heading\" style=\"font-size:18px\"><strong>ALSPECTIVE S.A.S., Soci\u00e9t\u00e9 de conseil en recherche et accompagnement de dirigeants,<\/strong><\/h3>\n\n\n\n<p>24 avenue de l&#8217;Op\u00e9ra<\/p>\n\n\n\n<p>75001 Paris \u2013 <strong>France <\/strong><\/p>\n\n\n\n<p>Tel: +33 1 70 22 45 00, <\/p>\n\n\n\n<p><a href=\"mailto:contact@alspective.com\">contact@alspective.com<\/a>; <\/p>\n\n\n\n<p>site internet <a href=\"http:\/\/www.alspective.com\">www.alspective.com<\/a><\/p>\n\n\n\n<hr class=\"wp-block-separator has-alpha-channel-opacity\"\/>\n\n\n\n<h3 class=\"wp-block-heading\" style=\"font-size:18px\"><strong>LCA International (CANADA)<\/strong><\/h3>\n\n\n\n<p>Tel : (514) 396-9106 \/ Fax : (450) 968-3400<\/p>\n\n\n\n<p>E-mail : carroue.lca@sympatico.ca<\/p>\n\n\n\n<hr class=\"wp-block-separator has-alpha-channel-opacity\"\/>\n\n\n\n<h3 class=\"wp-block-heading\" style=\"font-size:18px\"><strong>CABINET KMN INTERNATIONAL (CONGO)<\/strong><\/h3>\n\n\n\n<p>BP : 849 Brazzaville<\/p>\n\n\n\n<p>Tel : 94 07 06\/15-Fax : 94 25 92<\/p>\n\n\n\n<p>E-mail : docteurkinz@yahoo.fr<\/p>\n\n\n\n<hr class=\"wp-block-separator has-alpha-channel-opacity\"\/>\n\n\n\n<h3 class=\"wp-block-heading\" style=\"font-size:18px\"><strong>CMEF : (C\u00d4TE D\u2019IVOIRE)<\/strong><\/h3>\n\n\n\n<p>14 BP 1396 Abidjan 14-C\u00d4TE-D\u2019IVOIRE<\/p>\n\n\n\n<p>Tel. : (225) 24 49 76 90 \/ Fax : (225) 22 47 03 90<\/p>\n\n\n\n<p>E-mail : bassirouadebadje@gillos200yahoo.fr<\/p>\n\n\n\n<hr class=\"wp-block-separator has-alpha-channel-opacity\"\/>\n\n\n\n<h3 class=\"wp-block-heading\" style=\"font-size:18px\"><strong>INTERCONTACT SERVICES S.A. (BURUNDI)&nbsp;<\/strong><\/h3>\n\n\n\n<p>19bis,Av de l&#8217;Industrie<br>P.O Box 982 Bujumbura-Burundi<br>T\u00e9l. Standard : +25722226666<br>Ligne directe : +25722226671<br>Mobile : (+257) 79901334 ou (+257)75226666<br>E-mail:&nbsp;<a href=\"mailto:bnicimpaye@intercontactservices.com\" target=\"_blank\" rel=\"noreferrer noopener\">bnicimpaye@intercontactservices.com<\/a><br>Site web: <a href=\"http:\/\/www.intercontactservices.com\/\" target=\"_blank\" rel=\"noreferrer noopener\">www.intercontactservices.com<\/a><\/p>\n\n\n\n<hr class=\"wp-block-separator has-alpha-channel-opacity\"\/>\n\n\n\n<h3 class=\"wp-block-heading\" style=\"font-size:18px\"><strong>AFRICA LABEL GROUP SA<\/strong><\/h3>\n\n\n\n<p>02 BP 5646 Ouagadougou 02<\/p>\n\n\n\n<p>35 Avenue MUAMMAR KADDAFI&nbsp;\/ Burkina-Faso<\/p>\n\n\n\n<p>T\u00e9l : (226) 50376205<\/p>\n\n\n\n<hr class=\"wp-block-separator has-alpha-channel-opacity\"\/>\n\n\n\n<p style=\"font-size:18px\"><strong>Consortium International pour le D\u00e9veloppement de l\u2019Education<\/strong><\/p>\n\n\n\n<p><strong>(CIDE) <\/strong>Inc.666, rue Sherbrooke Ouest, bureau 2100<\/p>\n\n\n\n<p>Montr\u00e9al (Qu\u00e9bec), H3A 1E7 Canada<\/p>\n\n\n\n<p>Courriel : <a href=\"mailto:sblondeau@cide.ca\">sblondeau@cide.ca<\/a><\/p>\n\n\n\n<hr class=\"wp-block-separator has-alpha-channel-opacity\"\/>\n\n\n\n<p><strong>CEFORMAS SARL<\/strong><\/p>\n\n\n\n<p>Cabinet d\u2019\u00e9tudes, de Formation, de Recrutement, de Management et d\u2019Audit Social<\/p>\n\n\n\n<p>Si\u00e8ge Social : Niamey-Niger, Quartier Route Filingu\u00e9, Eglise Garbado, Immeuble El hadj Illiassou Rue RF 143 ,1er\u00e9tage. BP : 12146 RCCM : NE\/NIA\/2018\/B\/1132. NIF : 45194\/S.&nbsp; Contacts : (00227) 90.54.70.66\/ 99.20.60.88 R\u00e9f Bancaire : Compte BSIC N\u00b000100019233-26<\/p>\n\n\n\n<hr class=\"wp-block-separator has-alpha-channel-opacity\"\/>\n\n\n\n<h3 class=\"wp-block-heading\" style=\"font-size:18px\"><strong>COFIMA B\u00e9nin<\/strong><\/h3>\n\n\n\n<hr class=\"wp-block-separator has-alpha-channel-opacity\"\/>\n\n\n\n<h3 class=\"wp-block-heading\" style=\"font-size:18px\"><strong>RAM Audit ou conseils<\/strong><\/h3>\n\n\n\n<p>Inscrit \u00e0 l&#8217;ordre des experts comptables du B\u00e9nin sous le num\u00e9ro 078\/SE\/BEN<\/p>\n\n\n\n<p>Immeuble Adjaho &nbsp;Maliki&nbsp; Sodjatinme Akpakpa<\/p>\n\n\n\n<p>06 BP 3474 Cotonou ramauditbenin@yahoo.com<\/p>\n\n\n\n<p>Tel: (229)95958435<\/p>\n\n\n\n<hr class=\"wp-block-separator has-alpha-channel-opacity\"\/>\n\n\n\n<h3 class=\"wp-block-heading\" style=\"font-size:18px\"><strong>Skill &nbsp;CAMPUS &nbsp;&nbsp;<\/strong><\/h3>\n\n\n\n<p>Site web: https:\/\/www.skillscampus.ma\/<\/p>\n\n\n\n<hr class=\"wp-block-separator has-alpha-channel-opacity\"\/>\n\n\n\n<h3 class=\"wp-block-heading\" style=\"font-size:18px\"><strong>Central Test<\/strong><\/h3>\n\n\n\n<p>Site web: https:\/\/www.centraltest.fr\/<\/p>\n\n\n\n<hr class=\"wp-block-separator has-alpha-channel-opacity\"\/>\n\n\n\n<h1 class=\"wp-block-heading\">Nos Partenaires Institutionnels<\/h1>\n\n\n\n<hr class=\"wp-block-separator has-alpha-channel-opacity\"\/>\n\n\n\n<h3 class=\"wp-block-heading\" style=\"font-size:18px\"><strong>FODEFCA<\/strong><\/h3>\n\n\n\n<p>Le Fonds de D\u00e9veloppement de la Formation Professionnelle Continue et de l\u2019Apprentissage a pour mission la valorisation des ressources humaines par le financement d\u2019actions de formation au profit des travailleurs du secteur priv\u00e9. La soci\u00e9t\u00e9 Afrique Conseil est agr\u00e9\u00e9e en tant que cabinet consultant. Le Fonds assure sur la demande des entreprises priv\u00e9es, le financement :<\/p>\n\n\n\n<ul class=\"wp-block-list\"><li>d\u2019\u00e9tudes des besoins en formation&nbsp;;&nbsp;&nbsp;&nbsp;&nbsp;&nbsp;<\/li><li>d\u2019actions de formation au profit des travailleurs. &nbsp;&nbsp;&nbsp;&nbsp;<\/li><\/ul>\n\n\n\n<p>Le taux de cofinancement varie entre 30% et 100% selon l\u2019option choisie par l\u2019entreprise.<\/p>\n\n\n\n<p>Le FODEFCA est situ\u00e9 \u00e0 Cotonou-Akpakpa, 01 BP 4420-T\u00e9l : 21339650\/21377330-Fax 21339651 repr\u00e9sent\u00e9e par le Secr\u00e9taire Ex\u00e9cutif.<\/p>\n\n\n\n<hr class=\"wp-block-separator has-alpha-channel-opacity\"\/>\n\n\n\n<h3 class=\"wp-block-heading\" style=\"font-size:18px\"><strong>DGRCE<\/strong><\/h3>\n\n\n\n<p>(Direction G\u00e9n\u00e9rale du Renforcement des Capacit\u00e9s et de l\u2019Employabilit\u00e9)<\/p>\n\n\n\n<p>Minist\u00e8re de la Fonction Publique<\/p>\n","protected":false},"excerpt":{"rendered":"<p>Nos Partenaires Afrique Conseil est en partenariat avec des cabinets internationaux ci-apr\u00e8s : ALSPECTIVE S.A.S., Soci\u00e9t\u00e9 de conseil en recherche et accompagnement de dirigeants, 24 avenue de l&#8217;Op\u00e9ra 75001 Paris \u2013 France Tel: +33 1 70 22 45 00, contact@alspective.com; site internet www.alspective.com LCA International (CANADA) Tel : (514) 396-9106 \/ Fax : (450) 968-3400 [&hellip;]<\/p>\n","protected":false},"author":2,"featured_media":0,"parent":0,"menu_order":0,"comment_status":"closed","ping_status":"closed","template":"","meta":{"nf_dc_page":"","footnotes":""},"class_list":["post-1000","page","type-page","status-publish","hentry"],"yoast_head":"<!-- This site is optimized with the Yoast SEO plugin v27.5 - https:\/\/yoast.com\/product\/yoast-seo-wordpress\/ -->\n<title>Nos Partenaires - Afriqueconseil.com<\/title>\n<meta name=\"robots\" content=\"index, follow, max-snippet:-1, max-image-preview:large, max-video-preview:-1\" \/>\n<link rel=\"canonical\" href=\"https:\/\/afriqueconseil.com\/acinfo\/partenaires\/\" \/>\n<meta property=\"og:locale\" content=\"fr_FR\" \/>\n<meta property=\"og:type\" content=\"article\" \/>\n<meta property=\"og:title\" content=\"Nos Partenaires - Afriqueconseil.com\" \/>\n<meta property=\"og:description\" content=\"Nos Partenaires Afrique Conseil est en partenariat avec des cabinets internationaux ci-apr\u00e8s : ALSPECTIVE S.A.S., Soci\u00e9t\u00e9 de conseil en recherche et accompagnement de dirigeants, 24 avenue de l&#8217;Op\u00e9ra 75001 Paris \u2013 France Tel: +33 1 70 22 45 00, contact@alspective.com; site internet www.alspective.com LCA International (CANADA) Tel : (514) 396-9106 \/ Fax : (450) 968-3400 [&hellip;]\" \/>\n<meta property=\"og:url\" content=\"https:\/\/afriqueconseil.com\/acinfo\/partenaires\/\" \/>\n<meta property=\"og:site_name\" content=\"Afriqueconseil.com\" \/>\n<meta property=\"article:publisher\" content=\"https:\/\/www.facebook.com\/SocieteAfriqueConseil\/\" \/>\n<meta property=\"article:modified_time\" content=\"2022-06-05T19:51:57+00:00\" \/>\n<meta name=\"twitter:card\" content=\"summary_large_image\" \/>\n<meta name=\"twitter:label1\" content=\"Dur\u00e9e de lecture estim\u00e9e\" \/>\n\t<meta name=\"twitter:data1\" content=\"2 minutes\" \/>\n<script type=\"application\/ld+json\" class=\"yoast-schema-graph\">{\"@context\":\"https:\\\/\\\/schema.org\",\"@graph\":[{\"@type\":\"WebPage\",\"@id\":\"https:\\\/\\\/afriqueconseil.com\\\/acinfo\\\/partenaires\\\/\",\"url\":\"https:\\\/\\\/afriqueconseil.com\\\/acinfo\\\/partenaires\\\/\",\"name\":\"Nos Partenaires - Afriqueconseil.com\",\"isPartOf\":{\"@id\":\"https:\\\/\\\/afriqueconseil.com\\\/acinfo\\\/#website\"},\"datePublished\":\"2021-12-29T01:23:41+00:00\",\"dateModified\":\"2022-06-05T19:51:57+00:00\",\"breadcrumb\":{\"@id\":\"https:\\\/\\\/afriqueconseil.com\\\/acinfo\\\/partenaires\\\/#breadcrumb\"},\"inLanguage\":\"fr-FR\",\"potentialAction\":[{\"@type\":\"ReadAction\",\"target\":[\"https:\\\/\\\/afriqueconseil.com\\\/acinfo\\\/partenaires\\\/\"]}]},{\"@type\":\"BreadcrumbList\",\"@id\":\"https:\\\/\\\/afriqueconseil.com\\\/acinfo\\\/partenaires\\\/#breadcrumb\",\"itemListElement\":[{\"@type\":\"ListItem\",\"position\":1,\"name\":\"Accueil\",\"item\":\"https:\\\/\\\/afriqueconseil.com\\\/acinfo\\\/\"},{\"@type\":\"ListItem\",\"position\":2,\"name\":\"Nos Partenaires\"}]},{\"@type\":\"WebSite\",\"@id\":\"https:\\\/\\\/afriqueconseil.com\\\/acinfo\\\/#website\",\"url\":\"https:\\\/\\\/afriqueconseil.com\\\/acinfo\\\/\",\"name\":\"Afriqueconseil.com\",\"description\":\"Soci\u00e9t\u00e9 de Recherches, d&#039;\u00c9tudes, de Conseil et de Formation en Marketing et en Management\",\"publisher\":{\"@id\":\"https:\\\/\\\/afriqueconseil.com\\\/acinfo\\\/#organization\"},\"potentialAction\":[{\"@type\":\"SearchAction\",\"target\":{\"@type\":\"EntryPoint\",\"urlTemplate\":\"https:\\\/\\\/afriqueconseil.com\\\/acinfo\\\/?s={search_term_string}\"},\"query-input\":{\"@type\":\"PropertyValueSpecification\",\"valueRequired\":true,\"valueName\":\"search_term_string\"}}],\"inLanguage\":\"fr-FR\"},{\"@type\":\"Organization\",\"@id\":\"https:\\\/\\\/afriqueconseil.com\\\/acinfo\\\/#organization\",\"name\":\"Afrique conseil\",\"url\":\"https:\\\/\\\/afriqueconseil.com\\\/acinfo\\\/\",\"logo\":{\"@type\":\"ImageObject\",\"inLanguage\":\"fr-FR\",\"@id\":\"https:\\\/\\\/afriqueconseil.com\\\/acinfo\\\/#\\\/schema\\\/logo\\\/image\\\/\",\"url\":\"https:\\\/\\\/i0.wp.com\\\/afriqueconseil.com\\\/acinfo\\\/wp-content\\\/uploads\\\/2023\\\/01\\\/cropped-LOGO-AFRIQUE-CONSEIL-TRANSPARENT.png?fit=2060%2C1212&ssl=1\",\"contentUrl\":\"https:\\\/\\\/i0.wp.com\\\/afriqueconseil.com\\\/acinfo\\\/wp-content\\\/uploads\\\/2023\\\/01\\\/cropped-LOGO-AFRIQUE-CONSEIL-TRANSPARENT.png?fit=2060%2C1212&ssl=1\",\"width\":2060,\"height\":1212,\"caption\":\"Afrique conseil\"},\"image\":{\"@id\":\"https:\\\/\\\/afriqueconseil.com\\\/acinfo\\\/#\\\/schema\\\/logo\\\/image\\\/\"},\"sameAs\":[\"https:\\\/\\\/www.facebook.com\\\/SocieteAfriqueConseil\\\/\",\"https:\\\/\\\/www.linkedin.com\\\/company\\\/afrique-conseil\\\/\"]}]}<\/script>\n<!-- \/ Yoast SEO plugin. -->","yoast_head_json":{"title":"Nos Partenaires - Afriqueconseil.com","robots":{"index":"index","follow":"follow","max-snippet":"max-snippet:-1","max-image-preview":"max-image-preview:large","max-video-preview":"max-video-preview:-1"},"canonical":"https:\/\/afriqueconseil.com\/acinfo\/partenaires\/","og_locale":"fr_FR","og_type":"article","og_title":"Nos Partenaires - Afriqueconseil.com","og_description":"Nos Partenaires Afrique Conseil est en partenariat avec des cabinets internationaux ci-apr\u00e8s : ALSPECTIVE S.A.S., Soci\u00e9t\u00e9 de conseil en recherche et accompagnement de dirigeants, 24 avenue de l&#8217;Op\u00e9ra 75001 Paris \u2013 France Tel: +33 1 70 22 45 00, contact@alspective.com; site internet www.alspective.com LCA International (CANADA) Tel : (514) 396-9106 \/ Fax : (450) 968-3400 [&hellip;]","og_url":"https:\/\/afriqueconseil.com\/acinfo\/partenaires\/","og_site_name":"Afriqueconseil.com","article_publisher":"https:\/\/www.facebook.com\/SocieteAfriqueConseil\/","article_modified_time":"2022-06-05T19:51:57+00:00","twitter_card":"summary_large_image","twitter_misc":{"Dur\u00e9e de lecture estim\u00e9e":"2 minutes"},"schema":{"@context":"https:\/\/schema.org","@graph":[{"@type":"WebPage","@id":"https:\/\/afriqueconseil.com\/acinfo\/partenaires\/","url":"https:\/\/afriqueconseil.com\/acinfo\/partenaires\/","name":"Nos Partenaires - Afriqueconseil.com","isPartOf":{"@id":"https:\/\/afriqueconseil.com\/acinfo\/#website"},"datePublished":"2021-12-29T01:23:41+00:00","dateModified":"2022-06-05T19:51:57+00:00","breadcrumb":{"@id":"https:\/\/afriqueconseil.com\/acinfo\/partenaires\/#breadcrumb"},"inLanguage":"fr-FR","potentialAction":[{"@type":"ReadAction","target":["https:\/\/afriqueconseil.com\/acinfo\/partenaires\/"]}]},{"@type":"BreadcrumbList","@id":"https:\/\/afriqueconseil.com\/acinfo\/partenaires\/#breadcrumb","itemListElement":[{"@type":"ListItem","position":1,"name":"Accueil","item":"https:\/\/afriqueconseil.com\/acinfo\/"},{"@type":"ListItem","position":2,"name":"Nos Partenaires"}]},{"@type":"WebSite","@id":"https:\/\/afriqueconseil.com\/acinfo\/#website","url":"https:\/\/afriqueconseil.com\/acinfo\/","name":"Afriqueconseil.com","description":"Soci\u00e9t\u00e9 de Recherches, d&#039;\u00c9tudes, de Conseil et de Formation en Marketing et en Management","publisher":{"@id":"https:\/\/afriqueconseil.com\/acinfo\/#organization"},"potentialAction":[{"@type":"SearchAction","target":{"@type":"EntryPoint","urlTemplate":"https:\/\/afriqueconseil.com\/acinfo\/?s={search_term_string}"},"query-input":{"@type":"PropertyValueSpecification","valueRequired":true,"valueName":"search_term_string"}}],"inLanguage":"fr-FR"},{"@type":"Organization","@id":"https:\/\/afriqueconseil.com\/acinfo\/#organization","name":"Afrique conseil","url":"https:\/\/afriqueconseil.com\/acinfo\/","logo":{"@type":"ImageObject","inLanguage":"fr-FR","@id":"https:\/\/afriqueconseil.com\/acinfo\/#\/schema\/logo\/image\/","url":"https:\/\/i0.wp.com\/afriqueconseil.com\/acinfo\/wp-content\/uploads\/2023\/01\/cropped-LOGO-AFRIQUE-CONSEIL-TRANSPARENT.png?fit=2060%2C1212&ssl=1","contentUrl":"https:\/\/i0.wp.com\/afriqueconseil.com\/acinfo\/wp-content\/uploads\/2023\/01\/cropped-LOGO-AFRIQUE-CONSEIL-TRANSPARENT.png?fit=2060%2C1212&ssl=1","width":2060,"height":1212,"caption":"Afrique conseil"},"image":{"@id":"https:\/\/afriqueconseil.com\/acinfo\/#\/schema\/logo\/image\/"},"sameAs":["https:\/\/www.facebook.com\/SocieteAfriqueConseil\/","https:\/\/www.linkedin.com\/company\/afrique-conseil\/"]}]}},"jetpack_sharing_enabled":true,"_links":{"self":[{"href":"https:\/\/afriqueconseil.com\/acinfo\/wp-json\/wp\/v2\/pages\/1000","targetHints":{"allow":["GET"]}}],"collection":[{"href":"https:\/\/afriqueconseil.com\/acinfo\/wp-json\/wp\/v2\/pages"}],"about":[{"href":"https:\/\/afriqueconseil.com\/acinfo\/wp-json\/wp\/v2\/types\/page"}],"author":[{"embeddable":true,"href":"https:\/\/afriqueconseil.com\/acinfo\/wp-json\/wp\/v2\/users\/2"}],"replies":[{"embeddable":true,"href":"https:\/\/afriqueconseil.com\/acinfo\/wp-json\/wp\/v2\/comments?post=1000"}],"version-history":[{"count":0,"href":"https:\/\/afriqueconseil.com\/acinfo\/wp-json\/wp\/v2\/pages\/1000\/revisions"}],"wp:attachment":[{"href":"https:\/\/afriqueconseil.com\/acinfo\/wp-json\/wp\/v2\/media?parent=1000"}],"curies":[{"name":"wp","href":"https:\/\/api.w.org\/{rel}","templated":true}]}}